 m = 49 - o. Calculate the greatest common divisor of 84 and m.
21
Suppose -4*f - 22 = 126. Let v = f - -62. Let r(a) = 6*a**2 + 14*a - 45. Let y be r(5). What is the highest common divisor of v and y?
25
Let r(w) = -w**3 + 6*w**2 + 5*w + 7. Let f be r(6). What is the highest common divisor of 407 and f?
37
Suppose -505 = -3*h - 2*z, -1 = 2*z + 7. Calculate the highest common divisor of h and 798.
57
Let p be (-18)/27*3*15. Let v be (10/p)/((-1)/6). Suppose -v*s = a - 22, s - 62 = -2*a + 3*s. Calculate the highest common divisor of 224 and a.
28
Let c(i) be the first derivative of 2*i + i**2 + 5/3*i**3 - 6. Let z be c(-2). Calculate the highest common factor of 198 and z.
18
Let f = 476 + -384. What is the highest common divisor of 1012 and f?
92
Suppose 0 = -0*o + 4*o. Suppose o = 4*d - 649 + 121. Calculate the greatest common divisor of d and 12.
12
Suppose 3*s + 7*v - 68 = 11*v, 6*s - v = 164. What is the greatest common divisor of s and 700?
28
Let h be 12/(-8) - 54/4. Let j = h - -21. What is the highest common factor of j and 3?
3
Let v(h) = -29*h**3 + 5*h**2 - 2*h + 4. Let i(d) = -d - 1. Let a(x) = -3*i(x) - v(x). Let s be a(1). What is the highest common factor of 21 and s?
7
Suppose -4*s + 83 = -461. Let m be (-1 - -1) + (3 - (-4 - -3)). Suppose 5*h - m*n = 172, 0*h + 4*n = 4*h - s. What is the highest common divisor of 9 and h?
9
Let q = -779 + 809. What is the greatest common divisor of q and 1290?
30
Suppose 663*p = 668*p - 180. Let i(f) = f**3 + 4*f**2 - f - 1. Let u be i(-2). What is the greatest common factor of p and u?
9
Let i(h) = h**2 - 5*h - 6. Let n be i(6). Suppose 3*s - 4*y = -6 - 8, -2*y = -4*s - 2. Let x be 3 + n/(s - 1). Calculate the highest common divisor of 6 and x.
3
Let a be (-92)/(-5) + (-2)/5. Let h = 87 + -99. Let u = a + h. What is the highest common divisor of 2 and u?
2
Let j = 8 - -10. Let a be 1 + (50/(-15))/(4/(-150)). What is the greatest common divisor of j and a?
18
Let x(q) = q**2 - 5*q + 4. Let r be x(5). Suppose 2*y = 3*y - 2. What is the highest common divisor of y and r?
2
Let u = 296 - 116. What is the greatest common factor of 72 and u?
36
Suppose 2*y - 26 = -5*r + 23, 4*y + r = 143. Let u = y - 23. What is the greatest common factor of 70 and u?
14
Suppose 148 = 39*u - 281. What is the greatest common factor of 22 and u?
11
Let r(f) = 0*f**3 + 20*f**2 - 8*f**2 - 7 - 6*f - 8*f**2 - f**3. Let v be r(-4). What is the highest common divisor of v and 58?
29
Let v(y) = y**2 - 41*y - 449. Let l be v(-9). Calculate the greatest common divisor of l and 106.
1
Let c = 20 + -14. Let p(r) be the third derivative of r**5/15 - r**4/3 + 8*r**3/3 - 8*r**2. Let o be p(4). Calculate the highest common divisor of c and o.
6
Let d be 5 + (-26)/(-1 + -1 + 0). Let j = 3 - 5. Let s(u) = -81*u. Let c be s(j). What is the greatest common factor of c and d?
18
Let c = -191 - -203. Calculate the highest common factor of 18 and c.
6
Suppose p = -1 - 1. Let h = 6 + 37. Let l be h + (-1 + p)*1. Calculate the greatest common divisor of l and 20.
20
Suppose -42 = -3*s - 0*s. Calculate the highest common divisor of s and 1162.
14
Suppose 80 = 21*d - 19*d. Let p be 8/(-6)*(-11 - 109). Calculate the greatest common factor of p and d.
40
Let r be -10*(8/(-10) - -2). Let h be (-5 - -4) + (-1 - r). Let o = 469 - 359. What is the greatest common factor of h and o?
10
Let y be (2/((-6)/(-5)))/((-3)/(-18)). Let g be (6/y)/(3/45). Let u(i) = -14*i - 7. Let f be u(-5). What is the greatest common factor of g and f?
9
Let b be (-362)/(-12) - 3/18. Suppose -2*m + 5*m = -6, -2*q + b = m. Suppose -38*s + 36*s + q = 0. Calculate the highest common factor of 72 and s.
8
Let n = -708 - -806. What is the highest common divisor of n and 70?
14
Suppose 2*m + 6 = 2, -2*d = -2*m + 6. Let o = 17 + -7. Let s = d + o. Calculate the highest common factor of 10 and s.
5
Suppose 28*o = 34*o - 78. Calculate the greatest common divisor of o and 1053.
13
Let b = -426 - -458. What is the greatest common divisor of 432 and b?
16
Suppose 7*p = 4*p + 33. Let x = 53 - p. What is the highest common factor of 28 and x?
14
Let z(u) = -u - 10. Let i = 3 - 9. Let q be z(i). Let f be q/7*35/(-10). Calculate the highest common factor of f and 2.
2
Suppose 4*n + 8*u - 48 = 5*u, 2*u = 4*n - 68. Let l = -141 - -306. Calculate the greatest common divisor of l and n.
15
Let c(i) = i**2 - 2*i + 1. Let y be c(3). Suppose -z = y*z. Suppose z*x = 4*k + 3*x, 2*x + 8 = 0. What is the highest common divisor of k and 3?
3
Suppose 67*v - 670 = 469. What is the highest common factor of 187 and v?
17
Suppose 5*h - 43 = -8. Let o(x) = -x**2 + 16*x + 66. Let w be o(17). What is the greatest common factor of h and w?
7
Let o be 976/14 + 4/14. Let x be (-5)/15 - 4/(12/(-49)). Let g be (-3)/(-6) - 2*(-76)/x. Calculate the highest common divisor of g and o.
10
Let a = 127 - -38. Calculate the highest common divisor of a and 55.
55
Let y = 308 - 38. What is the highest common divisor of y and 10?
10
Suppose 347*x = 350*x - 12. What is the greatest common divisor of x and 508?
4
Suppose -2*w = -2*c - 2, -3*w + 1 = -c + 2. Let f be c/4 + 35/14. Let n be 12 + 0 + 3 + -1. Calculate the greatest common divisor of f and n.
2
Suppose q - 4*m = -0*m + 40, -4*q - 3*m = -179. Let d be 1 - 3 - (16 - 9). Let t = d + 20. What is the highest common divisor of q and t?
11
Let z = 338 + -156. Calculate the highest common divisor of z and 130.
26
Let q = -57 + 57. Suppose f - 51 = -q*f. What is the greatest common divisor of 34 and f?
17
Let z = 187 + -35. What is the highest common factor of z and 19?
19
Suppose 3*w + 0 = 6. Suppose a - w*x + 2 = 3*a, a - 10 = 2*x. Calculate the greatest common divisor of a and 4.
4
Let d be -1*47 + (15 - 17). Let s be 674/14 - (-7)/d. Suppose 23*p - 27*p = -s. What is the highest common divisor of p and 12?
12
Suppose -8*i + 11*i = 624. Calculate the greatest common divisor of i and 260.
52
Let t be (-2 - -2 - -9)/(-1). Let i(o) = 2*o**2 + 14*o + 18. Let j be i(t). What is the highest common divisor of j and 36?
18
Suppose -5*p + 655 = -5*t, -4*t - 427 + 31 = -3*p. What is the greatest common factor of 16 and p?
16
Let m(y) = 23*y + 36. Let i be m(3). What is the highest common divisor of i and 63?
21
Let q = 697 - 492. What is the greatest common factor of q and 15?
5
Let r(a) = a**2 - 7*a - 3. Let n be r(6). Let p(y) = 7*y. Let c be p(3). Let m = c + n. What is the highest common factor of m and 60?
12
Suppose 5*n - 77 + 17 = 0. Calculate the highest common factor of 48 and n.
12
Let u(d) = d**2 + 23*d - 48. Let b be u(-39). Calculate the greatest common divisor of 12 and b.
12
Suppose 609*c + 15 = 604*c. Let m(n) = 2 + 0 - 2*n - 5. Let h be m(c). What is the greatest common factor of h and 1?
1
Let v(n) = 5 - 2 - 4*n - 4. Let x be v(-1). Calculate the greatest common divisor of x and 9.
3
Let h be 26*((-11)/2 + 6). Calculate the greatest common factor of 2509 and h.
13
Let k = -8 + 12. Suppose -q + k*q = 0. Let u be -1 + q + (-39)/(-3). What is the highest common factor of 108 and u?
12
Suppose 2*q + 3*h = h + 28, 3*q - 52 = 2*h. Let v(d) = -d**3 + 3*d**2 + 51*d - 2. Let r be v(-6). Calculate the greatest common factor of r and q.
16
Let g(t) = -t**2 + 9*t - 14. Let k be g(6). Let b be (k/(-4) - 2) + 87. Calculate the highest common divisor of b and 14.
14
Let z be 1/(-3)*(3 - 264). Let y = 151 - z. Let u(h) = h**2 + 3*h - 2. Let o be u(-5). Calculate the greatest common divisor of y and o.
8
Suppose 30*r - 2*t = 25*r + 54, 5*r + 2*t - 66 = 0. Calculate the greatest common divisor of 120 and r.
12
Suppose -5*d = -17 + 12. What is the highest common divisor of 16 and d?
1
Let j(g) = -g**3 - 5*g**2 + 18*g + 3. Let h(q) = -q**2 + q + 48. Let l be h(8). Let u be j(l). What is the highest common divisor of u and 357?
51
Suppose -486 = 6440*n - 6441*n. Let w be (83 - 2)/(3/2). Calculate the highest common factor of w and n.
54
Suppose 0 = -3*m + 3, -15 + 56 = 3*y - m. Let b = 4853 - 4839. What is the greatest common factor of y and b?
14
Let d = 293 - 149. What is the highest common divisor of 8 and d?
8
Suppose -4*z = -7*z + 264. Calculate the greatest common factor of z and 33.
11
Suppose -2*x = -5*a + 594, -2*x - 145 = -4*a + 329. Suppose l = 3*l, -l - a = -2*c. Calc